{"version":"1.0","provider_name":"Compa\u00f1\u00eda HDLC Ecuador","provider_url":"https:\/\/hdlcecuador.com","author_name":"administrador","author_url":"https:\/\/hdlcecuador.com\/index.php\/author\/administrador\/","title":"CONDECORACION AL MERITO EDUCATIVO - Compa\u00f1\u00eda HDLC Ecuador","type":"rich","width":600,"height":338,"html":"<blockquote class=\"wp-embedded-content\" data-secret=\"gf3NdyvBgi\"><a href=\"https:\/\/hdlcecuador.com\/index.php\/2022\/10\/26\/condecoracion-al-merito-educativo\/\">CONDECORACION AL MERITO EDUCATIVO<\/a><\/blockquote><iframe sandbox=\"allow-scripts\" security=\"restricted\" src=\"https:\/\/hdlcecuador.com\/index.php\/2022\/10\/26\/condecoracion-al-merito-educativo\/embed\/#?secret=gf3NdyvBgi\" width=\"600\" height=\"338\" title=\"\u00abCONDECORACION AL MERITO EDUCATIVO\u00bb \u2014 Compa\u00f1\u00eda HDLC Ecuador\" data-secret=\"gf3NdyvBgi\" frameborder=\"0\" marginwidth=\"0\" marginheight=\"0\" scrolling=\"no\" class=\"wp-embedded-content\"><\/iframe><script>\n\/*! This file is auto-generated *\/\n!function(d,l){\"use strict\";l.querySelector&&d.addEventListener&&\"undefined\"!=typeof URL&&(d.wp=d.wp||{},d.wp.receiveEmbedMessage||(d.wp.receiveEmbedMessage=function(e){var t=e.data;if((t||t.secret||t.message||t.value)&&!\/[^a-zA-Z0-9]\/.test(t.secret)){for(var s,r,n,a=l.querySelectorAll('iframe[data-secret=\"'+t.secret+'\"]'),o=l.querySelectorAll('blockquote[data-secret=\"'+t.secret+'\"]'),c=new RegExp(\"^https?:$\",\"i\"),i=0;i<o.length;i++)o[i].style.display=\"none\";for(i=0;i<a.length;i++)s=a[i],e.source===s.contentWindow&&(s.removeAttribute(\"style\"),\"height\"===t.message?(1e3<(r=parseInt(t.value,10))?r=1e3:~~r<200&&(r=200),s.height=r):\"link\"===t.message&&(r=new URL(s.getAttribute(\"src\")),n=new URL(t.value),c.test(n.protocol))&&n.host===r.host&&l.activeElement===s&&(d.top.location.href=t.value))}},d.addEventListener(\"message\",d.wp.receiveEmbedMessage,!1),l.addEventListener(\"DOMContentLoaded\",function(){for(var e,t,s=l.querySelectorAll(\"iframe.wp-embedded-content\"),r=0;r<s.length;r++)(t=(e=s[r]).getAttribute(\"data-secret\"))||(t=Math.random().toString(36).substring(2,12),e.src+=\"#?secret=\"+t,e.setAttribute(\"data-secret\",t)),e.contentWindow.postMessage({message:\"ready\",secret:t},\"*\")},!1)))}(window,document);\n<\/script>\n","thumbnail_url":"https:\/\/hdlcecuador.com\/wp-content\/uploads\/2022\/10\/condeecoracion-al-merito-educativo-de-la-providencia-18.jpeg","thumbnail_width":1280,"thumbnail_height":904,"description":"Su visi\u00f3n: \u201cpara el a\u00f1o 2025, la Unidad Educativa Particular de la Providencia, evidenciar\u00e1 una Educaci\u00f3n humana &#8211; cristiana, emprendedora; basada en una pedagog\u00eda cr\u00edtica, reflexiva, investigativa, solidaria, que d\u00e9 respuesta a las realidades de los educandos y a las exigencias de la sociedad\u201d. El MSc. Jeremy Rubio, subsecretario de Educaci\u00f3n del Distrito de Guayaquil, [&hellip;]"}

Compañía HDLC Ecuador

CONDECORACION AL MERITO EDUCATIVO - Compañía HDLC Ecuador

<blockquote class="wp-embedded-content" data-secret="gf3NdyvBgi"><a href="https://hdlcecuador.com/index.php/2022/10/26/condecoracion-al-merito-educativo/">CONDECORACION AL MERITO EDUCATIVO</a></blockquote><iframe sandbox="allow-scripts" security="restricted" src="https://hdlcecuador.com/index.php/2022/10/26/condecoracion-al-merito-educativo/embed/#?secret=gf3NdyvBgi" width="600" height="338" title="«CONDECORACION AL MERITO EDUCATIVO» — Compañía HDLC Ecuador" data-secret="gf3NdyvBgi" frameborder="0" marginwidth="0" marginheight="0" scrolling="no" class="wp-embedded-content"></iframe><script>
/*! This file is auto-generated */
!function(d,l){"use strict";l.querySelector&&d.addEventListener&&"undefined"!=typeof URL&&(d.wp=d.wp||{},d.wp.receiveEmbedMessage||(d.wp.receiveEmbedMessage=function(e){var t=e.data;if((t||t.secret||t.message||t.value)&&!/[^a-zA-Z0-9]/.test(t.secret)){for(var s,r,n,a=l.querySelectorAll('iframe[data-secret="'+t.secret+'"]'),o=l.querySelectorAll('blockquote[data-secret="'+t.secret+'"]'),c=new RegExp("^https?:$","i"),i=0;i<o.length;i++)o[i].style.display="none";for(i=0;i<a.length;i++)s=a[i],e.source===s.contentWindow&&(s.removeAttribute("style"),"height"===t.message?(1e3<(r=parseInt(t.value,10))?r=1e3:~~r<200&&(r=200),s.height=r):"link"===t.message&&(r=new URL(s.getAttribute("src")),n=new URL(t.value),c.test(n.protocol))&&n.host===r.host&&l.activeElement===s&&(d.top.location.href=t.value))}},d.addEventListener("message",d.wp.receiveEmbedMessage,!1),l.addEventListener("DOMContentLoaded",function(){for(var e,t,s=l.querySelectorAll("iframe.wp-embedded-content"),r=0;r<s.length;r++)(t=(e=s[r]).getAttribute("data-secret"))||(t=Math.random().toString(36).substring(2,12),e.src+="#?secret="+t,e.setAttribute("data-secret",t)),e.contentWindow.postMessage({message:"ready",secret:t},"*")},!1)))}(window,document);
</script>

Su visión: “para el año 2025, la Unidad Educativa Particular de la Providencia, evidenciará una Educación humana &#8211; cristiana, emprendedora; basada en una pedagogía crítica, reflexiva, investigativa, solidaria, que dé respuesta a las realidades de los educandos y a las exigencias de la sociedad”. El MSc. Jeremy Rubio, subsecretario de Educación del Distrito de Guayaquil, [&hellip;]
